ppose 82 = -15*r - 53. Let x(o) = -o - 8. Give x(r).
1
Let s(u) = -11*u - 21. Let y(z) = -11*z - 17. Let m(h) = -5*s(h) + 6*y(h). Give m(2).
-19
Let z(j) = j**2 - 5. Suppose 5*y = 3*y + 176. Let h be -1*(-1)/(4/y). Let l = -18 + h. Calculate z(l).
11
Let k(w) = -2190 + 2185 - 3*w - 2*w**2 - 3*w**3 + 4*w**3. Calculate k(4).
15
Let x(g) be the third derivative of -g**9/60480 + g**8/5040 + g**7/1680 - g**6/120 + g**5/12 - 18*g**2. Let h(m) be the third derivative of x(m). What is h(4)?
6
Let j(u) = 15*u + 2. Let y(f) = -5 + 2 + 0 - 23*f. Let i(r) = 7*j(r) + 5*y(r). Suppose q = -4, h - 10*q - 7 = -8*q. Determine i(h).
9
Suppose g + 4 = 6. Let s(v) = g*v - 56 + 56. Give s(-3).
-6
Let w(a) = -2*a + 1. Let f = -10 + 4. Let o = f + 8. Suppose 4*c = -k - 7, 2 = -2*k - o*c - 0*c. Determine w(k).
-1
Let c(d) be the second derivative of d + 0*d**2 + 1/6*d**3 + 0. Let u be (-10 - -2 - 4)*3/9. Calculate c(u).
-4
Let v(d) = 2*d**3 - 19*d**2 + 7*d + 9. Let u be v(9). Let y(x) = x + 6. Calculate y(u).
-3
Let l(v) be the third derivative of 5/24*v**4 + 1/120*v**6 + 1/12*v**5 - 1/6*v**3 + 0 + 0*v - 13*v**2. Determine l(-4).
-5
Let r(k) = 8*k - 8*k - 10*k. Determine r(-3).
30
Let p(c) = c**2 + 8*c + 12. Let y be p(-3). Let m(b) = -2*b**2 - 10. Let i(w) = -3*w**2 + w - 19. Let j(h) = y*i(h) + 5*m(h). Give j(-6).
-11
Let l(d) = d**3 + 3*d**2 - 2*d + 1. Suppose 67*u = 69*u + 6. Calculate l(u).
7
Suppose -30 = -27*u + 17*u. Let m(d) = d**3 - 2*d**2 + 3*d + 1. Determine m(u).
19
Suppose 4*j - 9 - 11 = 0. Suppose -n = -j*n - 16, 2 = -3*o + n. Let p(f) be the first derivative of -f**4/4 - f**3 - f**2 - f - 3. Give p(o).
-1
Suppose 12 + 12 = -4*p. Let i be 3*-1 + -6 + p. Let c = -10 - i. Let a(o) = -o**3 + 6*o**2 - 5*o - 6. Give a(c).
-6
Let l(z) be the first derivative of z**3 + 3*z**2/2 - 2*z - 3. Let q(h) = h**2 + 5*h - 22. Let u be q(3). Determine l(u).
16
Let t(w) be the first derivative of w**4/4 - w**3/3 - w**2 - w + 17. Give t(2).
-1
Let f(l) = -2*l - 2. Let t(z) = 2*z + 3. Let r(q) = 4*f(q) + 3*t(q). Let c = 4 - 5. What is r(c)?
3
Let t = -20 - -26. Suppose k + 20 = t*k. Let q(d) = 6*d - d - k - 4*d. Calculate q(-3).
-7
Let u(k) = -k - 4. Let s(b) = 3*b - 18. Let o be s(3). Give u(o).
5
Let i(u) = 9174*u**2 - 8 + 5*u + u**3 + 11 - 9169*u**2. Give i(-4).
-1
Let m(b) = -9*b**2 + 3*b**2 + b**3 + 1 - b**2 + 6*b**2. Let c(t) = t**3 - 8*t**2 - 5*t + 7. Let r(y) = -c(y) + 2*m(y). What is r(-5)?
-5
Let c(m) = -5*m + 12 + 3*m**2 - 2*m**2 + 4*m - 11*m + 5. Calculate c(10).
-3
Let c(w) be the second derivative of w**4/12 + 7*w**3/6 - 2*w**2 + 110*w. Determine c(-8).
4
Let y be (-6 + 2)/(3/(-6)). Let c(p) = 2*p**2 - 11*p + 5. Calculate c(y).
45
Let x = 2 - -6. Suppose 3*v + 15 = 5*q + 1, -v - x = -5*q. Let o(j) = -q + 4 + 4*j - 2. What is o(-3)?
-11
Let k(v) = -21*v**2 - 2*v. Suppose 13 = 4*a - 3*a. Let p(b) = 10*b**2 + b. Let m(t) = a*p(t) + 6*k(t). Determine m(-1).
3
Let g(r) = r**3 + 15*r**2 - 6 + 18*r - 11*r - 21*r**2. Let v be ((-4)/6)/(1/(-6)). What is g(v)?
-10
Let c(v) = -v**3 + 5*v**2 - 2*v - 3. Let z be c(4). Let w be 5*4/(1 + 3). Let t(m) = m - 3*m - w + 9. Give t(z).
-6
Suppose 0*p = -p + 4, 4*h = -5*p - 76. Let j(g) = -g - 27. Let z be j(h). Let k(i) = i**2 + 5*i - 1. Give k(z).
-7
Let b(x) = 69*x**2 - 18*x - 9. Let s(l) = 34*l**2 - 8*l - 4. Let d(g) = -4*b(g) + 9*s(g). Calculate d(1).
30
Suppose 5 = -4*k + 4*o + 13, -2*k + 13 = o. Let u(j) be the second derivative of j**5/20 - j**4/3 - j**3/6 + 3*j**2/2 + 2*j + 4. Determine u(k).
23
Suppose -3*i = 3*k - 18, -i + 20 = 5*k - 6. Let r(c) = -3*c + 2. Let u be r(i). Let s(p) = 4*p + 1. Determine s(u).
-3
Let o(h) be the second derivative of -h**5/20 + h**4/3 - 3*h**2/2 + 2*h. Let k = 24 - 21. Suppose 0 = -2*c - 2*d + k*d + 3, 5*c - 18 = -d. Give o(c).
6
Let i(q) = 11*q**3 - 12*q**3 - 6*q**2 - 6 - 5*q - 3*q. Let f = 714 - 719. What is i(f)?
9
Let i(h) = -5*h**3 - 17*h**2 + 16*h + 94. Let m(b) = -b**3 - 3*b**2 + 3*b + 19. Let r(z) = -2*i(z) + 11*m(z). What is r(0)?
21
Let t(c) = 5*c**2 - 9*c - 34. Let x(m) = -4*m**2 + 8*m + 29. Let s(z) = -5*t(z) - 6*x(z). Give s(-4).
-8
Let d(u) = u**3 + u**2 + u + 7. Suppose -27*h + 17*h = 0. Give d(h).
7
Suppose -1 = -4*k + 3*a + 19, 0 = 3*k - 2*a - 14. Suppose k*t - 5*c = 8, 3*t + c - 3*c - 1 = 0. Let j(h) = 5*h**3 - h. What is j(t)?
-4
Let p(o) = o**2 - o - 9. Let t(a) = a**3 - 12*a**2 + 2*a + 11. Let w(z) = -2*p(z) - t(z). Give w(10).
7
Let f(a) = -a**2 + 5*a + 4. Suppose 5*o - 25 = y, 8 - 3 = -5*y + o. Suppose -46*m + 50*m - 20 = y. What is f(m)?
4
Let s(p) = 9*p - 18*p + 1 - 5*p**3 + 10*p - p**2. Let m be s(1). Let f(j) = j**3 + 6*j**2 + 4*j - 1. Determine f(m).
15
Let t be (-2)/(-6) + ((-20)/(-3) - 2). Let y(n) = -n + 10. Let c be y(t). Let z(b) = -b**3 + 5*b**2 + 4*b + 2. What is z(c)?
22
Suppose -6*u - 34 = -3*u + 4*i, 2*u - 4 = 4*i. Let m be 14 - (-1 - (4 + 1 - 2)). Let p(q) = -40 + m - 4*q + 2*q + 19. Determine p(u).
9
Let d = 585 + -588. Let b(c) = c**3 + 3*c**2 + 6*c + 3. What is b(d)?
-15
Let u = 150 - 153. Let y(b) = b + 5. Give y(u).
2
Let j(h) = -2*h. Let t(q) = -q + 1. Let b(w) = j(w) - 3*t(w). Suppose 0 = 2*o - 16, -4*y + 111*o = 113*o - 16. What is b(y)?
-3
Suppose -79 = -7*t - 16. Let o = t - 13. Let p(w) = -w - 7. Determine p(o).
-3
Let s(c) = c**3 + 12*c**2 - 12*c + 15. Let k be s(-13). Let r(a) = -39*a**k + 5*a + 5 + 0*a + 40*a**2. Let o(m) = m**2 + 3*m - 2. Let h be o(-2). Give r(h).
1
Let t be 17/((-1156)/144) - 8/(-68). Let u(f) = -f**3 - 3*f**2 - 2*f - 2. Calculate u(t).
-2
Let i(w) be the third derivative of w**4/24 + 7*w**3/6 + w**2. Let x(k) = 5*k - 17. Let r be x(2). Let a be i(r). Let c(o) = -o**2 + 6. What is c(a)?
6
Suppose -w + 58 = 3*a - 2, 66 = 3*a - w. Suppose -3*m - 6 = u, 3*m + a = 5*u - u. Let c(i) = i**2 - 2*i + 3. Calculate c(u).
6
Let o be (2 + -1)/(2/28). Let y(n) = 8*n**2 - n + o*n**2 - 15*n**2 + n**3. Determine y(-7).
7
Let m(q) be the third derivative of -q**6/120 + 3*q**5/20 + 11*q**4/12 + 7*q**3/6 - 3*q**2 + 5*q. Give m(11).
7
Let k(r) = 11*r - r**2 + 0*r**2 + 5 - 5*r. Let w be k(7). Let l(j) = 6874*j**3 - 3433*j**3 - 3440*j**3. Calculate l(w).
-8
Let w(j) = -j**3 + 6*j**2 + 1 + 0 + 0*j + 3*j - 3*j - 2*j. Determine w(6).
-11
Let m be 3/(2 + (-365)/190). Suppose 5*j - 2*x + m = 0, -j + 6*x - 22 = 2*x. Let f(z) = z**2 + 7*z + 7. Determine f(j).
1
Let b(y) be the second derivative of y**5/20 + 2*y**4/3 + 4*y**3/3 + 4*y**2 + 151*y. Determine b(-7).
1
Let j(m) = m**2 - 14*m - 13. Let c(q) = q**2 - 16*q + 62. Let x be c(12). What is j(x)?
-13
Let y(w) = 2 - w**3 + 1 - w - 3 + 5*w**2. Let q(b) = -b**2 + 5*b + 1. Let r(p) = -p**2 + 5*p + 1. Let g(c) = 3*q(c) - 4*r(c). Let t be g(6). Determine y(t).
-5
Let p(a) = -a**2 + 16*a - 51. Let t be p(4). Let z(n) = n**3 + 2*n**2 - 3*n + 2. Give z(t).
2
Let r(t) = t**2 + 17*t + 15. Let u be r(-16). Let l(s) be the third derivative of 7*s**4/24 - s**3/6 - s**2. Let b be l(u). Let m(j) = j + 3. What is m(b)?
-5
Let n be 52/(-39)*3/(-2). Let j(x) = 2 + 17*x + 11*x - 16*x - 14*x**n + x**3. Give j(13).
-11
Let t(s) = -2*s**3 + 12*s**2 + 12*s + 14. Let r be t(7). Let q(m) = -m**2 + 2*m. Determine q(r).
0
Let q(f) = -10*f**3. Suppose 6*s = 3*s + 21. Let l(j) = -13*j**2 + 0 + 19*j**2 - j + s - j**3. Let i be l(6). Give q(i).
-10
Let s(l) = -4*l**2 - 13*l - 8. Let w(o) = -3*o**2 - 9*o - 5. Let y(m) = -5*s(m) + 7*w(m). Let i be y(4). Let p(h) = h - 2. Give p(i).
-5
Let z(c) = -221*c**2 + 98*c**2 + 124*c**2 - c + 5*c**3. Suppose 4 = -0*u + 4*u. What is z(u)?
5
Suppose 2*p - 105 + 257 = 0. Let s = p + 34. Let c be (-12)/s - (-4)/(-14). Let z(u) = -u**2 + u + 12. Determine z(c).
12
Suppose -5*g + 34 = 4*s, -s - 13 - 10 = -4*g. Let y(v) = -5 + 7 - 4 - g + v. Calculate y(0).
-8
Let p(v) = v**3 + 3*v**2 + 1. Let l(y) = y**2 + 5*y - 2. Let q be l(-5). Let g(i) = -i**2 - 7*i - 4. Let j be g(-6). Let k be q/2 + -1 - j. Calculate p(k).
-15
Suppose -9*y - 4187 = -4124. Let r(o) = -o**2 - 9*o - 14. Calculate r(y).
0
Let q(i) = 4 - 2*i**2 - 5 + 3*i - i**2 + i**3. Suppose -6 - 4 = -5*n. Let f be 22/8 + n/8. Determine q(f).
8
Let d(z) = 3*z**2 - 18*z - 5. Let f(w) = 2*w**2 - 18*w - 5. Let g(i) = 3*d(i) - 4*f(i). What is g(-18)?
5
Let s(l) = l**3 - 7*l**2 - l + 5. Suppose -5*m + 26 = z, -3*z + 2*m = 3*m - 8. Suppose -3 